
Let f = 546 + -388. List the prime factors of (-2)/(-8) - f/(-8).
2, 5
Let m(d) = -d**2 + 8*d. Let l be m(6). Let i = -5 + l. What are the prime factors of i?
7
Let f(j) = -j**3 - 3*j**2 - 2*j - 1. Let g be f(-3). Suppose g*i - i = 16. What are the prime factors of i?
2
Let n = 26 + -7. Let d = -13 + n. What are the prime factors of d?
2, 3
Let a = 7 + -12. Let f(q) = q**2 + 7*q - 7. Let i be f(-9). Let r = a + i. List the prime factors of r.
2, 3
Let q = -46 + 158. What are the prime factors of q?
2, 7
Suppose 0 = -5*j + 221 + 179. What are the prime factors of (j/6)/(8/24)?
2, 5
Let m(r) = -r - 1. Let u be m(-3). Let w = 9 + u. Suppose -2*j + 3 = -w. What are the prime factors of j?
7
Let y = -18 - -28. Let h(w) = 2*w - 7. List the prime factors of h(y).
13
Let s(o) = -o**3 + 11*o**2 - 2*o + 1. Let f be s(11). What are the prime factors of 3*3/9 - f?
2, 11
List the prime factors of (-2)/6*888/(-8).
37
Let r(z) = -2*z**2 - 6*z - 1. Let y be r(-4). List the prime factors of 6 + (-3)/1 - y.
2, 3
Let c(o) = o**2 + 9*o + 9. Suppose -2*a + 13 = -3*a. List the prime factors of c(a).
61
Let a(h) = h - 5. Let p be a(6). Let m be (p - -1)/((-2)/13). Let n = m + 21. What are the prime factors of n?
2
Let t(f) = f**3 + 11*f**2 + 5*f - 7. Let z(i) = 2*i**3 + 23*i**2 + 11*i - 13. Let k(p) = -7*t(p) + 3*z(p). What are the prime factors of k(-8)?
2, 13
Let p(w) = w + 8. Suppose -i = -5*i. Let z be p(i). Suppose -2*r + z = -0. What are the prime factors of r?
2
Let t be ((-119)/(-35))/(1/5). Let m = t + 12. List the prime factors of m.
29
Suppose 0*p = 2*p - 12. Let l(f) = f**3 - 6*f**2 + f. Let u be l(p). Let k(s) = s**3 - 6*s**2 + s - 4. List the prime factors of k(u).
2
Suppose 2*v = 3*i + 339, 3*i = 5*v + 2*i - 867. What are the prime factors of v?
2, 3, 29
Let l = -9 - -21. Suppose -2*x = i - 14, -3*x + 5*i - 2*i + l = 0. What are the prime factors of x?
2, 3
Suppose -3*o - 40 = -5*r, -2*r + 21 - 1 = -2*o. Let t be 22/8 + (-7)/(-28). Suppose 2*f + 3*f - 15 = -z, -t*f + 37 = -r*z. What are the prime factors of f?
2
Let s be (-6 - -3)*(1 - 2). Suppose s*b + 20 = -2*b + g, -2*b + 5*g - 8 = 0. List the prime factors of (-570)/(-35) - b/(-14).
2
Let n be (-5)/(-10) + (-14)/4. Let o(w) = w + 7. Let c be o(n). Suppose c*l = -1 + 5, -4*m - l + 65 = 0. What are the prime factors of m?
2
Suppose 10*c + 15 = 5*c, -i + 119 = -3*c. What are the prime factors of i?
2, 5, 11
Let y(z) = 7*z + 3. List the prime factors of y(4).
31
Let a = 301 - 201. List the prime factors of a.
2, 5
Let h = 442 + -250. What are the prime factors of h?
2, 3
List the prime factors of 4/14 - 9/7 - -26.
5
Suppose 13 = 2*n + 5*y, 23 = 2*n - 3*y - 30. List the prime factors of n.
19
Suppose -3*d + 84 = 3*i - 24, -d = -1. List the prime factors of i.
5, 7
Let p be 1/((-2)/(30 + 0)). Suppose 0 = 3*r + 2*r - 110. Let f = r + p. What are the prime factors of f?
7
Suppose 6*t = 1053 + 507. List the prime factors of t.
2, 5, 13
Let j(h) = h**3 - 5*h**2 + 5*h. Let x be j(4). Let g(z) = -4 + x + 2*z - 1 + z. What are the prime factors of g(5)?
2, 7
Let l(r) = -2*r**2 - 38*r - 20. List the prime factors of l(-18).
2
Let i = 23 - 17. List the prime factors of i + 1 - (3 + -1).
5
Let v = 26 - -17. What are the prime factors of v?
43
Let j(w) = -w**3 + w**2 + w - 1. Suppose 2*p = -2*p - 8. Let x be j(p). Suppose k + 3*k + 8 = s, -s + 5*k = -x. What are the prime factors of s?
2
Suppose g - 33 - 104 = 0. What are the prime factors of g?
137
Let g(k) = 9*k - 2*k**3 + 6*k**3 - 3*k**3 - 8*k**2. Let d be g(6). Let a = -11 - d. What are the prime factors of a?
7
List the prime factors of 1 - -1 - (-12 - 5).
19
Let c(a) = a - 7. Let q be c(-7). Let o = -7 - q. List the prime factors of (-2)/o - 46/(-14).
3
What are the prime factors of (-4)/((-32)/714) - (-4)/(-16)?
89
Let c = -413 + 639. What are the prime factors of c?
2, 113
Let c be (1/1)/((-1)/(-47)). Let o = c + -34. What are the prime factors of o?
13
Suppose 8*i - 3*i + 60 = 0. Let u(n) = n**3 + 6*n**2 - 5*n + 9. Let g be u(-7). Let w = g - i. List the prime factors of w.
7
Let o(h) = -15*h + 3*h + 3 + 13*h + h**2 + 2. List the prime factors of o(-6).
5, 7
Suppose 7 = h - 3*h - 5*x, 9 = -3*x. Suppose -l = -h*l + 21. List the prime factors of l.
7
Let y = 0 + 4. Suppose -y*i - 39 = -f - 2*f, -4*f = -2*i - 12. What are the prime factors of i*((-3)/(-6) - 1)?
2, 3
Let m(r) = r**3 - 8*r**2 + 8*r + 5. Let k be ((-2)/4)/((-10)/(-20)). Let f(z) = -1. Let i(l) = k*f(l) + m(l). List the prime factors of i(7).
13
Let y = 368 + -171. What are the prime factors of y?
197
Let a = 1 + -1. Let l be -14*-2*2/8. Let o = a + l. List the prime factors of o.
7
Let j be 94/10 - 6/15. What are the prime factors of (-2)/3 - (-96)/j?
2, 5
Suppose -52 + 4 = -2*n. Suppose 0*t - 2*t = n. Let w = t - -17. List the prime factors of w.
5
Suppose 0 = -13*b + 256 + 1109. What are the prime factors of b?
3, 5, 7
What are the prime factors of (2 + 16/(-6))/((-7)/735)?
2, 5, 7
What are the prime factors of ((0 - -3)*1)/(9/51)?
17
Suppose 5*z + 37 = q, -5*q + z = -4*z - 205. List the prime factors of q.
2, 3, 7
Let l = 192 - 135. List the prime factors of l.
3, 19
Suppose i + 8 = 2*d, -8*i - 4*d = -4*i - 28. Suppose -5*a - 15 = -2*w - 53, i*w - 2 = 0. List the prime factors of a.
2
Suppose 0 = -2*z + 3 + 9. Let i be (-1)/z + 79/6. Let w = i - 3. What are the prime factors of w?
2, 5
Suppose -b + 0*j - 3*j = -249, -b + 261 = -j. Suppose -2*i + 367 = 3*n, 4*i - b = 2*n - 4*n. What are the prime factors of n/11 + 2/11?
11
Suppose a + 88 = 2*j + 29, 85 = 3*j - 5*a. List the prime factors of j.
2, 3, 5
List the prime factors of (-2)/10 + (-124)/(-20).
2, 3
Suppose 27*f + 1656 = 33*f. What are the prime factors of f?
2, 3, 23
Let d = -4 + -11. List the prime factors of -15*(36/d)/3.
2, 3
Suppose -3*z - c + 23 = 0, c - 1 = -2. Let v(a) = 2*a**2 + a**2 - 7*a + z - 2*a**2. What are the prime factors of v(7)?
2
What are the prime factors of 71 + -5 + (-3)/1?
3, 7
Let s = -2 + -1. Let j be (-8)/(s/(-66)*4). What are the prime factors of (2/4)/((-2)/j)?
11
Let r be 3 + 0 + (0 - 3). Suppose 3*m - 23 - 1 = r. List the prime factors of m.
2
List the prime factors of 9/2*1696/48.
3, 53
Let o = -128 + 198. What are the prime factors of o?
2, 5, 7
Let w(a) = a**2 + 2*a. Let c = -6 + 1. What are the prime factors of w(c)?
3, 5
Let g(q) = -2*q + 3. Let i be g(0). Suppose t + 82 = i*t. What are the prime factors of t?
41
Suppose -5*d = 5*u - 490, 4*d - 3*u + 6*u = 392. What are the prime factors of d?
2, 7
Let m(q) = 5*q**2 + 9*q + 7 + 0 - 3 + 0*q**2. List the prime factors of m(-4).
2, 3
Let y(b) = 6*b**2 + 22*b + 8. What are the prime factors of y(-6)?
2, 23
Suppose -h - 4*h = 0. Suppose -4*p = 2*n - 18, 0 = -h*n + n - 4*p - 15. List the prime factors of n.
11
Suppose 0 = -3*s + 141 + 63. What are the prime factors of s?
2, 17
Suppose -3*a + 127 + 83 = 0. List the prime factors of a.
2, 5, 7
Let q(c) = 3*c**2 + 2*c - 12. Let v be q(-5). Let k = v - 27. List the prime factors of k.
2, 13
Let y(z) = -2*z**3 + z + 0*z + 3*z**3 + 3 - 6*z + 3*z**2. Let k be y(-4). Let v = -4 + k. What are the prime factors of v?
3
Let i(t) = -5*t**3 + 9*t + 5. What are the prime factors of i(-4)?
17
Let t(h) = -h**2 + 15*h + 11. List the prime factors of t(8).
67
Let u(f) = -2*f**3 - 5*f**2 - 4*f - 2. Let c be u(-5). What are the prime factors of (1 - 0)/(11/c)?
13
Let m(i) = -i**3 + 7*i**2 - 6*i + 9. List the prime factors of m(5).
29
Suppose 5*j = 3*n + 10, 0 = 4*n + n. Suppose -3*o = j*o. Suppose o = -i - 4 + 11. What are the prime factors of i?
7
Suppose d + d - 9 = h, -5*d + 15 = -h. Suppose -3*i - d*i = -175. Suppose 0 = -2*y + i + 7. What are the prime factors of y?
3, 7
Let b be 151 - 2/((-4)/(-6)). Suppose -4*z + b - 8 = 0. List the prime factors of z.
5, 7
Suppose -h - 22 = -2*x - 0, -5*h - 22 = -2*x. Let f = -6 + x. Let c = 1 + f. List the prime factors of c.
2, 3
Let y = -17 - -78. List the prime factors of y.
61
Let j(h) = 45*h**2 + h + 4. Let m(a) = -46*a**2 - a - 3. Let q(o) = -3*j(o) - 4*m(o). Let k be q(-1). Suppose 6*v = 3*v + k. List the prime factors of v.
2
Suppose x + 13 = -3*y, 5*x - y + 5*y = -10. Let o = 2 + x. Suppose o*b - 40 = 2*b. List the prime factors of b.
2, 5
Suppose -7*m - 27 = -321. What